{"id":586,"date":"2021-03-15T21:01:55","date_gmt":"2021-03-15T20:01:55","guid":{"rendered":"http:\/\/www.sr-campingcar.fr\/?page_id=586"},"modified":"2021-04-28T09:37:38","modified_gmt":"2021-04-28T07:37:38","slug":"toit-relevable","status":"publish","type":"page","link":"https:\/\/www.sr-campingcar.fr\/index.php\/accessoires\/toit-relevable\/","title":{"rendered":"Toit relevable"},"content":{"rendered":"\n<figure class=\"wp-block-image size-large is-resized\"><img loading=\"lazy\" src=\"https:\/\/www.sr-campingcar.fr\/wp-content\/uploads\/2021\/03\/diapo-page-toit-relevable.jpg\" alt=\"\" class=\"wp-image-612\" width=\"1078\" height=\"134\" srcset=\"https:\/\/www.sr-campingcar.fr\/wp-content\/uploads\/2021\/03\/diapo-page-toit-relevable.jpg 2000w, https:\/\/www.sr-campingcar.fr\/wp-content\/uploads\/2021\/03\/diapo-page-toit-relevable-300x37.jpg 300w, https:\/\/www.sr-campingcar.fr\/wp-content\/uploads\/2021\/03\/diapo-page-toit-relevable-768x96.jpg 768w, https:\/\/www.sr-campingcar.fr\/wp-content\/uploads\/2021\/03\/diapo-page-toit-relevable-1536x191.jpg 1536w\" sizes=\"(max-width: 1078px) 100vw, 1078px\" \/><\/figure>\n\n\n\n<p><\/p>\n\n\n\n<div class=\"wp-block-columns\">\n<div class=\"wp-block-column\">\n<figure class=\"wp-block-image size-large is-resized\"><img loading=\"lazy\" src=\"https:\/\/www.sr-campingcar.fr\/wp-content\/uploads\/2021\/03\/page-toit-1-1750x1024.jpg\" alt=\"\" class=\"wp-image-614\" width=\"394\" height=\"254\"\/><\/figure>\n\n\n\n<figure class=\"wp-block-image size-large is-resized\"><img loading=\"lazy\" src=\"https:\/\/www.sr-campingcar.fr\/wp-content\/uploads\/2021\/03\/424181-1.jpg\" alt=\"\" class=\"wp-image-609\" width=\"401\" height=\"266\" srcset=\"https:\/\/www.sr-campingcar.fr\/wp-content\/uploads\/2021\/03\/424181-1.jpg 1024w, https:\/\/www.sr-campingcar.fr\/wp-content\/uploads\/2021\/03\/424181-1-300x200.jpg 300w, https:\/\/www.sr-campingcar.fr\/wp-content\/uploads\/2021\/03\/424181-1-768x511.jpg 768w\" sizes=\"(max-width: 401px) 100vw, 401px\" \/><\/figure>\n\n\n\n<figure class=\"wp-block-image size-large is-resized\"><img loading=\"lazy\" src=\"https:\/\/www.sr-campingcar.fr\/wp-content\/uploads\/2021\/03\/guillaume-issaly-VsR-c-wuBUs-unsplash-1-819x1024.jpg\" alt=\"\" class=\"wp-image-622\" width=\"396\" height=\"496\" srcset=\"https:\/\/www.sr-campingcar.fr\/wp-content\/uploads\/2021\/03\/guillaume-issaly-VsR-c-wuBUs-unsplash-1-819x1024.jpg 819w, https:\/\/www.sr-campingcar.fr\/wp-content\/uploads\/2021\/03\/guillaume-issaly-VsR-c-wuBUs-unsplash-1-240x300.jpg 240w, https:\/\/www.sr-campingcar.fr\/wp-content\/uploads\/2021\/03\/guillaume-issaly-VsR-c-wuBUs-unsplash-1-768x960.jpg 768w, https:\/\/www.sr-campingcar.fr\/wp-content\/uploads\/2021\/03\/guillaume-issaly-VsR-c-wuBUs-unsplash-1-1229x1536.jpg 1229w, https:\/\/www.sr-campingcar.fr\/wp-content\/uploads\/2021\/03\/guillaume-issaly-VsR-c-wuBUs-unsplash-1-1638x2048.jpg 1638w, https:\/\/www.sr-campingcar.fr\/wp-content\/uploads\/2021\/03\/guillaume-issaly-VsR-c-wuBUs-unsplash-1-scaled.jpg 2048w\" sizes=\"(max-width: 396px) 100vw, 396px\" \/><\/figure>\n<\/div>\n\n\n\n<div class=\"wp-block-column\">\n<p style=\"font-size:26px\"><strong>Envie de plus d&rsquo;espace de vie dans votre fourgon\/van ?<\/strong><\/p>\n\n\n\n<p style=\"font-size:21px\">Nous vous proposons la pose de toits relevables de la <strong>marque SCA<\/strong> pour van\/fourgon :<\/p>\n\n\n\n<p><strong>Volkswagen T5\/T6, Mercedes Vito\/Sprinter, Renault Trafic 2\/3, Opel Vivaro 2, Ford Transit Custom, Fiat Ducato, Peugeot Boxer \u00e0 partir de 2006,&#8230;.<\/strong><\/p>\n\n\n\n<p>Le toit relevable vous permet de cuisiner debout et d&rsquo;ajouter <strong>2 couchages adultes<\/strong> sans p\u00e9naliser la hauteur du v\u00e9hicule, tout en ayant <strong>acc\u00e8s \u00e0 tous les parkings<\/strong> malgr\u00e9 les barres de restrictions.<\/p>\n\n\n\n<p>Vous avez la possibilit\u00e9 d&rsquo;opter pour une <strong>ouverture obliques vers l&rsquo;avant ou l&rsquo;arri\u00e8re<\/strong> avec soit un m\u00e9canisme <strong>v\u00e9rins ou solution sangles.<\/strong><\/p>\n\n\n\n<p>Le m\u00e9canisme est \u00e0 l&rsquo;ext\u00e9rieur, il ne g\u00eane pas le confort du couchage.<\/p>\n\n\n\n<p><strong>Aucun changement de carte grise<\/strong> n&rsquo;est n\u00e9cessaire (les toits sont homologu\u00e9s par le fabricant pour chaque mod\u00e8le de v\u00e9hicule).<\/p>\n\n\n\n<p><strong>Le toit est livr\u00e9 avec matelas.<\/strong><\/p>\n\n\n\n<p>Le prix peut varier de quelques centaines d&rsquo;euros en fonction du mod\u00e8le de v\u00e9hicule.<\/p>\n\n\n\n<p>Le toit est livr\u00e9 par d\u00e9faut en blanc, nous avons la possibilit\u00e9 de le faire peindre \u00e0 la couleur RAL de votre v\u00e9hicule.<\/p>\n\n\n\n<p>N&rsquo;h\u00e9sitez pas \u00e0 nous contacter pour consulter la disponibilit\u00e9 des produits. <\/p>\n\n\n\n<p>D\u00e9lais de livraison \u00e0 prendre en compte.<\/p>\n\n\n\n<div class=\"wp-block-buttons\">\n<div class=\"wp-block-button\"><a class=\"wp-block-button__link\" href=\"https:\/\/www.sr-campingcar.fr\/index.php\/contact\/\" target=\"_blank\" rel=\"noreferrer noopener\">                                 Demander un devis<\/a><\/div>\n<\/div>\n<\/div>\n<\/div>\n\n\n\n<p class=\"has-text-align-center\" style=\"font-size:30px\"><strong>Plus d&rsquo;infos sur SCA :<\/strong><\/p>\n\n\n\n<p class=\"has-text-align-center\">Site internet : <a href=\"https:\/\/www.sca-daecher.de\/fr\/toit-dorman\/\">https:\/\/www.sca-daecher.de\/fr\/toit-dorman\/<\/a><\/p>\n\n\n\n<p class=\"has-text-align-center\">D\u00e9couvrez des exemples des diff\u00e9rents mod\u00e8les de toit de la marque SCA :<\/p>\n\n\n\n<div class=\"wp-block-file aligncenter\"><a href=\"https:\/\/www.sr-campingcar.fr\/wp-content\/uploads\/2021\/03\/sca_252_sprinter_fr_01-1.pdf\"><strong>Toit SCA-252 Sprinter<\/strong><\/a><a href=\"https:\/\/www.sr-campingcar.fr\/wp-content\/uploads\/2021\/03\/sca_252_sprinter_fr_01-1.pdf\" class=\"wp-block-file__button\" download>T\u00e9l\u00e9charger<\/a><\/div>\n\n\n\n<div class=\"wp-block-file aligncenter\"><a href=\"https:\/\/www.sr-campingcar.fr\/wp-content\/uploads\/2021\/03\/sca_schlafdaecher_t5_t6_fr_01.pdf\"><strong>Toit SCA T5-T6<\/strong><\/a><a href=\"https:\/\/www.sr-campingcar.fr\/wp-content\/uploads\/2021\/03\/sca_schlafdaecher_t5_t6_fr_01.pdf\" class=\"wp-block-file__button\" download>T\u00e9l\u00e9charger<\/a><\/div>\n\n\n\n<div class=\"wp-block-file aligncenter\"><a href=\"https:\/\/www.sr-campingcar.fr\/wp-content\/uploads\/2021\/03\/vklasse_prospekt_frz_02.pdf\"><strong>Toit SCA Vito-ClasseV<\/strong><\/a><a href=\"https:\/\/www.sr-campingcar.fr\/wp-content\/uploads\/2021\/03\/vklasse_prospekt_frz_02.pdf\" class=\"wp-block-file__button\" download>T\u00e9l\u00e9charger<\/a><\/div>\n","protected":false},"excerpt":{"rendered":"<p>Envie de plus d&rsquo;espace de vie dans votre fourgon\/van ? Nous vous proposons la pose de toits relevables de la marque SCA pour van\/fourgon : Volkswagen T5\/T6, Mercedes Vito\/Sprinter, Renault Trafic 2\/3, Opel Vivaro 2, Ford Transit Custom, Fiat Ducato, Peugeot Boxer \u00e0 partir de 2006,&#8230;. Le toit relevable vous permet de cuisiner debout et [&hellip;]<\/p>\n","protected":false},"author":1,"featured_media":0,"parent":43,"menu_order":1,"comment_status":"closed","ping_status":"closed","template":"","meta":[],"yoast_head":"<!-- This site is optimized with the Yoast SEO plugin v16.1.1 - https:\/\/yoast.com\/wordpress\/plugins\/seo\/ -->\n<title>Toit relevable &bull; SR camping-car<\/title>\n<link rel=\"canonical\" href=\"https:\/\/www.sr-campingcar.fr\/index.php\/accessoires\/toit-relevable\/\" \/>\n<meta property=\"og:locale\" content=\"fr_FR\" \/>\n<meta property=\"og:type\" content=\"article\" \/>\n<meta property=\"og:title\" content=\"Toit relevable &bull; SR camping-car\" \/>\n<meta property=\"og:description\" content=\"Envie de plus d&rsquo;espace de vie dans votre fourgon\/van ? Nous vous proposons la pose de toits relevables de la marque SCA pour van\/fourgon : Volkswagen T5\/T6, Mercedes Vito\/Sprinter, Renault Trafic 2\/3, Opel Vivaro 2, Ford Transit Custom, Fiat Ducato, Peugeot Boxer \u00e0 partir de 2006,&#8230;. Le toit relevable vous permet de cuisiner debout et [&hellip;]\" \/>\n<meta property=\"og:url\" content=\"https:\/\/www.sr-campingcar.fr\/index.php\/accessoires\/toit-relevable\/\" \/>\n<meta property=\"og:site_name\" content=\"SR camping-car\" \/>\n<meta property=\"article:publisher\" content=\"https:\/\/www.facebook.com\/SRCAMPINGCAR\" \/>\n<meta property=\"article:modified_time\" content=\"2021-04-28T07:37:38+00:00\" \/>\n<meta property=\"og:image\" content=\"http:\/\/www.sr-campingcar.fr\/wp-content\/uploads\/2021\/03\/diapo-page-toit-relevable.jpg\" \/>\n<meta name=\"twitter:card\" content=\"summary_large_image\" \/>\n<meta name=\"twitter:label1\" content=\"Dur\u00e9e de lecture est.\">\n\t<meta name=\"twitter:data1\" content=\"2 minutes\">\n<script type=\"application\/ld+json\" class=\"yoast-schema-graph\">{\"@context\":\"https:\/\/schema.org\",\"@graph\":[{\"@type\":\"Organization\",\"@id\":\"https:\/\/www.sr-campingcar.fr\/#organization\",\"name\":\"SR Camping-car\",\"url\":\"https:\/\/www.sr-campingcar.fr\/\",\"sameAs\":[\"https:\/\/www.facebook.com\/SRCAMPINGCAR\"],\"logo\":{\"@type\":\"ImageObject\",\"@id\":\"https:\/\/www.sr-campingcar.fr\/#logo\",\"inLanguage\":\"fr-FR\",\"url\":\"http:\/\/www.sr-campingcar.fr\/wp-content\/uploads\/2021\/03\/cropped-LOGO-SITE-1.png\",\"contentUrl\":\"http:\/\/www.sr-campingcar.fr\/wp-content\/uploads\/2021\/03\/cropped-LOGO-SITE-1.png\",\"width\":266,\"height\":91,\"caption\":\"SR Camping-car\"},\"image\":{\"@id\":\"https:\/\/www.sr-campingcar.fr\/#logo\"}},{\"@type\":\"WebSite\",\"@id\":\"https:\/\/www.sr-campingcar.fr\/#website\",\"url\":\"https:\/\/www.sr-campingcar.fr\/\",\"name\":\"SR CAMPING-CAR\",\"description\":\"Entretien, d\\u00e9pannage et accessoires pour camping-car, fourgons, caravanes, vans,...\",\"publisher\":{\"@id\":\"https:\/\/www.sr-campingcar.fr\/#organization\"},\"potentialAction\":[{\"@type\":\"SearchAction\",\"target\":\"https:\/\/www.sr-campingcar.fr\/?s={search_term_string}\",\"query-input\":\"required name=search_term_string\"}],\"inLanguage\":\"fr-FR\"},{\"@type\":\"ImageObject\",\"@id\":\"https:\/\/www.sr-campingcar.fr\/index.php\/accessoires\/toit-relevable\/#primaryimage\",\"inLanguage\":\"fr-FR\",\"url\":\"http:\/\/www.sr-campingcar.fr\/wp-content\/uploads\/2021\/03\/diapo-page-toit-relevable.jpg\",\"contentUrl\":\"http:\/\/www.sr-campingcar.fr\/wp-content\/uploads\/2021\/03\/diapo-page-toit-relevable.jpg\"},{\"@type\":\"WebPage\",\"@id\":\"https:\/\/www.sr-campingcar.fr\/index.php\/accessoires\/toit-relevable\/#webpage\",\"url\":\"https:\/\/www.sr-campingcar.fr\/index.php\/accessoires\/toit-relevable\/\",\"name\":\"Toit relevable &bull; SR camping-car\",\"isPartOf\":{\"@id\":\"https:\/\/www.sr-campingcar.fr\/#website\"},\"primaryImageOfPage\":{\"@id\":\"https:\/\/www.sr-campingcar.fr\/index.php\/accessoires\/toit-relevable\/#primaryimage\"},\"datePublished\":\"2021-03-15T20:01:55+00:00\",\"dateModified\":\"2021-04-28T07:37:38+00:00\",\"breadcrumb\":{\"@id\":\"https:\/\/www.sr-campingcar.fr\/index.php\/accessoires\/toit-relevable\/#breadcrumb\"},\"inLanguage\":\"fr-FR\",\"potentialAction\":[{\"@type\":\"ReadAction\",\"target\":[\"https:\/\/www.sr-campingcar.fr\/index.php\/accessoires\/toit-relevable\/\"]}]},{\"@type\":\"BreadcrumbList\",\"@id\":\"https:\/\/www.sr-campingcar.fr\/index.php\/accessoires\/toit-relevable\/#breadcrumb\",\"itemListElement\":[{\"@type\":\"ListItem\",\"position\":1,\"item\":{\"@type\":\"WebPage\",\"@id\":\"https:\/\/www.sr-campingcar.fr\/\",\"url\":\"https:\/\/www.sr-campingcar.fr\/\",\"name\":\"Accueil\"}},{\"@type\":\"ListItem\",\"position\":2,\"item\":{\"@type\":\"WebPage\",\"@id\":\"https:\/\/www.sr-campingcar.fr\/index.php\/accessoires\/\",\"url\":\"https:\/\/www.sr-campingcar.fr\/index.php\/accessoires\/\",\"name\":\"Accessoires\"}},{\"@type\":\"ListItem\",\"position\":3,\"item\":{\"@type\":\"WebPage\",\"@id\":\"https:\/\/www.sr-campingcar.fr\/index.php\/accessoires\/toit-relevable\/\",\"url\":\"https:\/\/www.sr-campingcar.fr\/index.php\/accessoires\/toit-relevable\/\",\"name\":\"Toit relevable\"}}]}]}<\/script>\n<!-- \/ Yoast SEO plugin. -->","_links":{"self":[{"href":"https:\/\/www.sr-campingcar.fr\/index.php\/wp-json\/wp\/v2\/pages\/586"}],"collection":[{"href":"https:\/\/www.sr-campingcar.fr\/index.php\/wp-json\/wp\/v2\/pages"}],"about":[{"href":"https:\/\/www.sr-campingcar.fr\/index.php\/wp-json\/wp\/v2\/types\/page"}],"author":[{"embeddable":true,"href":"https:\/\/www.sr-campingcar.fr\/index.php\/wp-json\/wp\/v2\/users\/1"}],"replies":[{"embeddable":true,"href":"https:\/\/www.sr-campingcar.fr\/index.php\/wp-json\/wp\/v2\/comments?post=586"}],"version-history":[{"count":23,"href":"https:\/\/www.sr-campingcar.fr\/index.php\/wp-json\/wp\/v2\/pages\/586\/revisions"}],"predecessor-version":[{"id":830,"href":"https:\/\/www.sr-campingcar.fr\/index.php\/wp-json\/wp\/v2\/pages\/586\/revisions\/830"}],"up":[{"embeddable":true,"href":"https:\/\/www.sr-campingcar.fr\/index.php\/wp-json\/wp\/v2\/pages\/43"}],"wp:attachment":[{"href":"https:\/\/www.sr-campingcar.fr\/index.php\/wp-json\/wp\/v2\/media?parent=586"}],"curies":[{"name":"wp","href":"https:\/\/api.w.org\/{rel}","templated":true}]}}