{"id":44,"date":"2021-01-24T15:11:45","date_gmt":"2021-01-24T14:11:45","guid":{"rendered":"http:\/\/www.sr-campingcar.fr\/?page_id=44"},"modified":"2021-03-21T20:53:20","modified_gmt":"2021-03-21T19:53:20","slug":"entretien","status":"publish","type":"page","link":"https:\/\/www.sr-campingcar.fr\/index.php\/entretien\/","title":{"rendered":"Entretien"},"content":{"rendered":"\n<figure class=\"wp-block-image size-large is-resized\"><img loading=\"lazy\" src=\"https:\/\/www.sr-campingcar.fr\/wp-content\/uploads\/2021\/03\/diapo-page-accessoires-PHOTO-1.png\" alt=\"\" class=\"wp-image-581\" width=\"1151\" height=\"143\" srcset=\"https:\/\/www.sr-campingcar.fr\/wp-content\/uploads\/2021\/03\/diapo-page-accessoires-PHOTO-1.png 2000w, https:\/\/www.sr-campingcar.fr\/wp-content\/uploads\/2021\/03\/diapo-page-accessoires-PHOTO-1-300x37.png 300w, https:\/\/www.sr-campingcar.fr\/wp-content\/uploads\/2021\/03\/diapo-page-accessoires-PHOTO-1-768x96.png 768w, https:\/\/www.sr-campingcar.fr\/wp-content\/uploads\/2021\/03\/diapo-page-accessoires-PHOTO-1-1536x191.png 1536w\" sizes=\"(max-width: 1151px) 100vw, 1151px\" \/><\/figure>\n\n\n\n<p><\/p>\n\n\n\n<p class=\"has-text-align-center has-medium-font-size\"><strong>Entretien d&rsquo;\u00e9quipement de camping-car, van, caravane de toutes marques<\/strong><\/p>\n\n\n\n<p><\/p>\n\n\n\n<div class=\"wp-block-columns\">\n<div class=\"wp-block-column\">\n<div class=\"wp-block-image\"><figure class=\"aligncenter size-large is-resized\"><img loading=\"lazy\" src=\"https:\/\/www.sr-campingcar.fr\/wp-content\/uploads\/2021\/03\/picto-camping-car-1438x1024.png\" alt=\"\" class=\"wp-image-481\" width=\"173\" height=\"122\" srcset=\"https:\/\/www.sr-campingcar.fr\/wp-content\/uploads\/2021\/03\/picto-camping-car-1438x1024.png 1438w, https:\/\/www.sr-campingcar.fr\/wp-content\/uploads\/2021\/03\/picto-camping-car-300x214.png 300w, https:\/\/www.sr-campingcar.fr\/wp-content\/uploads\/2021\/03\/picto-camping-car-768x547.png 768w, https:\/\/www.sr-campingcar.fr\/wp-content\/uploads\/2021\/03\/picto-camping-car-1536x1093.png 1536w, https:\/\/www.sr-campingcar.fr\/wp-content\/uploads\/2021\/03\/picto-camping-car.png 1770w\" sizes=\"(max-width: 173px) 100vw, 173px\" \/><\/figure><\/div>\n<\/div>\n\n\n\n<div class=\"wp-block-column\">\n<div class=\"wp-block-image\"><figure class=\"aligncenter size-large is-resized\"><img loading=\"lazy\" src=\"https:\/\/www.sr-campingcar.fr\/wp-content\/uploads\/2021\/03\/Picto_California-3.png\" alt=\"\" class=\"wp-image-717\" width=\"196\" height=\"129\"\/><\/figure><\/div>\n<\/div>\n\n\n\n<div class=\"wp-block-column\">\n<div class=\"wp-block-image\"><figure class=\"aligncenter size-large is-resized\"><img loading=\"lazy\" src=\"https:\/\/www.sr-campingcar.fr\/wp-content\/uploads\/2021\/03\/picto-caravane-1-1484x1024.png\" alt=\"\" class=\"wp-image-485\" width=\"170\" height=\"117\" srcset=\"https:\/\/www.sr-campingcar.fr\/wp-content\/uploads\/2021\/03\/picto-caravane-1-1484x1024.png 1484w, https:\/\/www.sr-campingcar.fr\/wp-content\/uploads\/2021\/03\/picto-caravane-1-300x207.png 300w, https:\/\/www.sr-campingcar.fr\/wp-content\/uploads\/2021\/03\/picto-caravane-1-768x530.png 768w, https:\/\/www.sr-campingcar.fr\/wp-content\/uploads\/2021\/03\/picto-caravane-1-1536x1060.png 1536w, https:\/\/www.sr-campingcar.fr\/wp-content\/uploads\/2021\/03\/picto-caravane-1-350x240.png 350w, https:\/\/www.sr-campingcar.fr\/wp-content\/uploads\/2021\/03\/picto-caravane-1.png 1722w\" sizes=\"(max-width: 170px) 100vw, 170px\" \/><\/figure><\/div>\n<\/div>\n<\/div>\n\n\n\n<p class=\"has-text-align-center\">R\u00e9fection joints \u00e9tanch\u00e9it\u00e9<\/p>\n\n\n\n<p class=\"has-text-align-center\">Chauffage<\/p>\n\n\n\n<p class=\"has-text-align-center\">Chauffe-eau<\/p>\n\n\n\n<p class=\"has-text-align-center\">R\u00e9frig\u00e9rateur<\/p>\n\n\n\n<p class=\"has-text-align-center\">Baie et lanterneau<\/p>\n\n\n\n<p class=\"has-text-align-center\">Restauration optique de phare<\/p>\n\n\n\n<p class=\"has-text-align-center\">Circuit d&rsquo;eau<\/p>\n\n\n\n<p class=\"has-text-align-center\">Contr\u00f4le \u00e9tat des batteries<\/p>\n\n\n\n<p class=\"has-text-align-center\">Contr\u00f4le circuit de charge<\/p>\n\n\n\n<p class=\"has-text-align-center\">Fourniture de pi\u00e8ces d\u00e9tach\u00e9es<\/p>\n\n\n\n<p class=\"has-text-align-center\">Nettoyage carrosserie et cellule<\/p>\n\n\n\n<p class=\"has-text-align-center\">&#8230;&#8230;.<\/p>\n\n\n\n<p class=\"has-text-align-center\" style=\"font-size:18px\"><strong>Conseil gratuit pour la mise en hivernage et remise en service<\/strong><\/p>\n","protected":false},"excerpt":{"rendered":"<p>Entretien d&rsquo;\u00e9quipement de camping-car, van, caravane de toutes marques R\u00e9fection joints \u00e9tanch\u00e9it\u00e9 Chauffage Chauffe-eau R\u00e9frig\u00e9rateur Baie et lanterneau Restauration optique de phare Circuit d&rsquo;eau Contr\u00f4le \u00e9tat des batteries Contr\u00f4le circuit de charge Fourniture de pi\u00e8ces d\u00e9tach\u00e9es Nettoyage carrosserie et cellule &#8230;&#8230;. Conseil gratuit pour la mise en hivernage et remise en service<\/p>\n","protected":false},"author":1,"featured_media":477,"parent":0,"menu_order":0,"comment_status":"closed","ping_status":"closed","template":"","meta":[],"yoast_head":"<!-- This site is optimized with the Yoast SEO plugin v16.1.1 - https:\/\/yoast.com\/wordpress\/plugins\/seo\/ -->\n<title>Entretien &bull; SR camping-car<\/title>\n<link rel=\"canonical\" href=\"https:\/\/www.sr-campingcar.fr\/index.php\/entretien\/\" \/>\n<meta property=\"og:locale\" content=\"fr_FR\" \/>\n<meta property=\"og:type\" content=\"article\" \/>\n<meta property=\"og:title\" content=\"Entretien &bull; SR camping-car\" \/>\n<meta property=\"og:description\" content=\"Entretien d&rsquo;\u00e9quipement de camping-car, van, caravane de toutes marques R\u00e9fection joints \u00e9tanch\u00e9it\u00e9 Chauffage Chauffe-eau R\u00e9frig\u00e9rateur Baie et lanterneau Restauration optique de phare Circuit d&rsquo;eau Contr\u00f4le \u00e9tat des batteries Contr\u00f4le circuit de charge Fourniture de pi\u00e8ces d\u00e9tach\u00e9es Nettoyage carrosserie et cellule &#8230;&#8230;. Conseil gratuit pour la mise en hivernage et remise en service\" \/>\n<meta property=\"og:url\" content=\"https:\/\/www.sr-campingcar.fr\/index.php\/entretien\/\" \/>\n<meta property=\"og:site_name\" content=\"SR camping-car\" \/>\n<meta property=\"article:publisher\" content=\"https:\/\/www.facebook.com\/SRCAMPINGCAR\" \/>\n<meta property=\"article:modified_time\" content=\"2021-03-21T19:53:20+00:00\" \/>\n<meta property=\"og:image\" content=\"https:\/\/www.sr-campingcar.fr\/wp-content\/uploads\/2021\/03\/diapo-page-entretien-TITRE.jpg\" \/>\n\t<meta property=\"og:image:width\" content=\"2000\" \/>\n\t<meta property=\"og:image:height\" content=\"249\" \/>\n<meta name=\"twitter:card\" content=\"summary_large_image\" \/>\n<script type=\"application\/ld+json\" class=\"yoast-schema-graph\">{\"@context\":\"https:\/\/schema.org\",\"@graph\":[{\"@type\":\"Organization\",\"@id\":\"https:\/\/www.sr-campingcar.fr\/#organization\",\"name\":\"SR Camping-car\",\"url\":\"https:\/\/www.sr-campingcar.fr\/\",\"sameAs\":[\"https:\/\/www.facebook.com\/SRCAMPINGCAR\"],\"logo\":{\"@type\":\"ImageObject\",\"@id\":\"https:\/\/www.sr-campingcar.fr\/#logo\",\"inLanguage\":\"fr-FR\",\"url\":\"http:\/\/www.sr-campingcar.fr\/wp-content\/uploads\/2021\/03\/cropped-LOGO-SITE-1.png\",\"contentUrl\":\"http:\/\/www.sr-campingcar.fr\/wp-content\/uploads\/2021\/03\/cropped-LOGO-SITE-1.png\",\"width\":266,\"height\":91,\"caption\":\"SR Camping-car\"},\"image\":{\"@id\":\"https:\/\/www.sr-campingcar.fr\/#logo\"}},{\"@type\":\"WebSite\",\"@id\":\"https:\/\/www.sr-campingcar.fr\/#website\",\"url\":\"https:\/\/www.sr-campingcar.fr\/\",\"name\":\"SR CAMPING-CAR\",\"description\":\"Entretien, d\\u00e9pannage et accessoires pour camping-car, fourgons, caravanes, vans,...\",\"publisher\":{\"@id\":\"https:\/\/www.sr-campingcar.fr\/#organization\"},\"potentialAction\":[{\"@type\":\"SearchAction\",\"target\":\"https:\/\/www.sr-campingcar.fr\/?s={search_term_string}\",\"query-input\":\"required name=search_term_string\"}],\"inLanguage\":\"fr-FR\"},{\"@type\":\"ImageObject\",\"@id\":\"https:\/\/www.sr-campingcar.fr\/index.php\/entretien\/#primaryimage\",\"inLanguage\":\"fr-FR\",\"url\":\"https:\/\/www.sr-campingcar.fr\/wp-content\/uploads\/2021\/03\/diapo-page-entretien-TITRE.jpg\",\"contentUrl\":\"https:\/\/www.sr-campingcar.fr\/wp-content\/uploads\/2021\/03\/diapo-page-entretien-TITRE.jpg\",\"width\":2000,\"height\":249},{\"@type\":\"WebPage\",\"@id\":\"https:\/\/www.sr-campingcar.fr\/index.php\/entretien\/#webpage\",\"url\":\"https:\/\/www.sr-campingcar.fr\/index.php\/entretien\/\",\"name\":\"Entretien &bull; SR camping-car\",\"isPartOf\":{\"@id\":\"https:\/\/www.sr-campingcar.fr\/#website\"},\"primaryImageOfPage\":{\"@id\":\"https:\/\/www.sr-campingcar.fr\/index.php\/entretien\/#primaryimage\"},\"datePublished\":\"2021-01-24T14:11:45+00:00\",\"dateModified\":\"2021-03-21T19:53:20+00:00\",\"breadcrumb\":{\"@id\":\"https:\/\/www.sr-campingcar.fr\/index.php\/entretien\/#breadcrumb\"},\"inLanguage\":\"fr-FR\",\"potentialAction\":[{\"@type\":\"ReadAction\",\"target\":[\"https:\/\/www.sr-campingcar.fr\/index.php\/entretien\/\"]}]},{\"@type\":\"BreadcrumbList\",\"@id\":\"https:\/\/www.sr-campingcar.fr\/index.php\/entretien\/#breadcrumb\",\"itemListElement\":[{\"@type\":\"ListItem\",\"position\":1,\"item\":{\"@type\":\"WebPage\",\"@id\":\"https:\/\/www.sr-campingcar.fr\/\",\"url\":\"https:\/\/www.sr-campingcar.fr\/\",\"name\":\"Accueil\"}},{\"@type\":\"ListItem\",\"position\":2,\"item\":{\"@type\":\"WebPage\",\"@id\":\"https:\/\/www.sr-campingcar.fr\/index.php\/entretien\/\",\"url\":\"https:\/\/www.sr-campingcar.fr\/index.php\/entretien\/\",\"name\":\"Entretien\"}}]}]}<\/script>\n<!-- \/ Yoast SEO plugin. -->","_links":{"self":[{"href":"https:\/\/www.sr-campingcar.fr\/index.php\/wp-json\/wp\/v2\/pages\/44"}],"collection":[{"href":"https:\/\/www.sr-campingcar.fr\/index.php\/wp-json\/wp\/v2\/pages"}],"about":[{"href":"https:\/\/www.sr-campingcar.fr\/index.php\/wp-json\/wp\/v2\/types\/page"}],"author":[{"embeddable":true,"href":"https:\/\/www.sr-campingcar.fr\/index.php\/wp-json\/wp\/v2\/users\/1"}],"replies":[{"embeddable":true,"href":"https:\/\/www.sr-campingcar.fr\/index.php\/wp-json\/wp\/v2\/comments?post=44"}],"version-history":[{"count":21,"href":"https:\/\/www.sr-campingcar.fr\/index.php\/wp-json\/wp\/v2\/pages\/44\/revisions"}],"predecessor-version":[{"id":720,"href":"https:\/\/www.sr-campingcar.fr\/index.php\/wp-json\/wp\/v2\/pages\/44\/revisions\/720"}],"wp:featuredmedia":[{"embeddable":true,"href":"https:\/\/www.sr-campingcar.fr\/index.php\/wp-json\/wp\/v2\/media\/477"}],"wp:attachment":[{"href":"https:\/\/www.sr-campingcar.fr\/index.php\/wp-json\/wp\/v2\/media?parent=44"}],"curies":[{"name":"wp","href":"https:\/\/api.w.org\/{rel}","templated":true}]}}